posite?
False
Suppose -174*x + 183*x = 648549. Is x prime?
False
Suppose -5*v - 80*a + 167873 = -77*a, -33553 = -v + 3*a. Is v prime?
False
Let r(l) = -220*l - 3. Let d = 135 + -131. Suppose 0 = -2*g + d*i + 12, -g - 3*i - 1 = 13. Is r(g) a prime number?
False
Suppose 0 = 6*k + 11*k - 228973. Is k a composite number?
False
Let c(l) = 23*l**3 + 3*l**2 + 76*l - 55. Is c(16) a composite number?
False
Let t = -41 + 37. Let m be -7 - (-1 - t - 2). Is 44/m*2*-17 a composite number?
True
Suppose -7*t + 67 = 4. Suppose -t*z + 3*z + 858 = 0. Suppose 766 = h + z. Is h a prime number?
False
Suppose 16*f - 25*f - 1206 = 0. Let x = f + 201. Is x prime?
True
Suppose v - 5 = 0, 0 = -220*h + 217*h - 3*v + 299478. Is h a prime number?
False
Suppose 480113 = 77*k - 850986. Is k a composite number?
True
Let h(f) = 5040*f**2 + 50*f + 107. Is h(-6) a prime number?
False
Suppose 3*p + 5*z = 1845852, 0 = -5*p - 4*z + 3983682 - 907249. Is p a prime number?
True
Let c be -4 + (3 - 2) - -22. Let p = -3 - c. Let u = p - -57. Is u a composite number?
True
Let b(l) = -l**2 + 24*l + 2. Let j be b(24). Let a be -528 + -4*4/8 + j. Is 1/(3 + -2 + a/530) composite?
True
Suppose -60*t + 355898 = -834922. Is t a prime number?
False
Let b(f) = 10*f - 47. Let z be b(5). Is 1/(-2)*z/((-6)/25708) composite?
False
Let b be (6/(-3) + 1)*(6 + -547). Let a = b - 261. Let r = 491 - a. Is r prime?
True
Let h(c) = 16*c**3 - 8*c**2 - 23*c + 88. Is h(9) composite?
True
Is (-9785732)/33*12/(-16) prime?
True
Suppose -2*v = 12*t - 7*t - 29831, -2*t + v + 11927 = 0. Suppose 51*x = 46*x + t. Is x a prime number?
True
Is ((-164654)/532)/(1/(-2018)) composite?
True
Let g be 25/(-8)*10 + (-3)/4. Let j(f) = -135*f + 53. Is j(g) a composite number?
False
Let u(q) = -30*q**3 - 2*q**2 + 3*q + 4. Let v(c) = -c**3 + 2*c**2 - 2*c + 12. Let t be v(3). Is u(t) a composite number?
False
Is ((-5)/(-10))/(90/17395740) composite?
False
Let z(c) be the second derivative of 7*c**3/3 + 4*c**2 - 3*c + 198. Suppose 2 + 12 = 2*g. Is z(g) a composite number?
True
Let p be (-88)/(-4) + -4 + -1. Suppose -4*g + 2*j - p = -3*j, 15 = 3*j. Suppose 8*o + g*h = 5*o + 1433, -2*h = -5*o + 2415. Is o a composite number?
True
Suppose 0 = -3*a + 15, 5*b + 3*a - 41 = 274. Is ((-680)/b)/(6/(-2421)*1) a composite number?
True
Is -8 + 7 + (-6210)/(-9) composite?
True
Suppose 190*h - 152*h = 7995998. Is h prime?
True
Suppose -4*o - 6 = -2*v, 0 = 2*o - 2*v - 0*v + 8. Let d be 1634 - (6 - 9) - (-2 - o). Suppose -d = -3*k - 287. Is k a prime number?
False
Let w(m) = 58*m**3 - 10*m**2 + 20*m - 474. Is w(16) prime?
False
Let x = -36 - -43. Suppose -x*q + 28484 = -20481. Is q composite?
True
Let y(r) be the first derivative of 13*r**5/10 + r**4/24 - 2*r**3 - 10*r**2 - 30. Let v(h) be the second derivative of y(h). Is v(5) a composite number?
True
Suppose 638*q - 634*q - 45716 = 0. Is q prime?
False
Suppose 5*w - 214784 = -3*o, 0 = -2*o + 3*w - 5*w + 143188. Is o a composite number?
False
Is (-1259619)/(-11) - 28/(-154) prime?
False
Suppose -3*o + 599 + 9040 = 0. Let z be o + (3 + 0 - 6). Let j = 5543 - z. Is j a prime number?
True
Let o be 1 + 9 + 0 + -5. Suppose a - 83 = 3*w - 7342, o*a = -5*w + 12085. Is w composite?
True
Let i = -34860 + 181363. Is i a prime number?
False
Let i(m) be the second derivative of 181*m**4/12 - m**3/3 - m**2/2 - 7*m. Let h be (0 - 5)*22/(-55). Is i(h) prime?
True
Let t(q) = -31821*q + 140. Is t(-3) prime?
True
Suppose 14*b - 18*b + 520 = 0. Let u = b + -126. Suppose -1283 + 13912 = u*r - q, 0 = 2*q - 6. Is r composite?
True
Let q(i) be the third derivative of 17*i**4/2 + 89*i**3/6 - 4*i**2 + 6. Is q(11) a prime number?
True
Let b be ((-4)/(-8))/((-4)/(-24)). Suppose -4*s + 19648 = -2*q, -3*q = b*s - 8597 - 6139. Suppose -s = -5*u + 2393. Is u prime?
False
Let f(s) = 60374*s**2 + 33*s - 23. Is f(2) a prime number?
False
Suppose -4*w = -8, 4*w + 2 - 58 = -3*g. Suppose 0 = -5*f + g - 6. Is f a prime number?
True
Suppose -170 = 3*u + 2*u. Let c = -9207 - -9774. Let q = c + u. Is q a composite number?
True
Let z = -148 - -152. Suppose 0 = -l - 5*g + 3859 - 1273, -12901 = -5*l + z*g. Is l prime?
False
Suppose 180 = 4*r - 2*z, 3*z - 318 = -5*r - 115. Suppose -r*c + 35434 = 3872. Is c a composite number?
True
Let m = -246 + 277. Suppose -1668 = -m*f + 6113. Is f composite?
False
Suppose -81*v = -124*v + 1144961. Is v a prime number?
True
Let u(z) = 81*z + 103. Suppose 9*q - 203 + 23 = 0. Is u(q) a composite number?
False
Suppose -2*d + 4*d + y + 23 = 0, d + 16 = y. Let q(i) = 2*i**2 + 23*i - 3. Let j be q(d). Let m = j - -815. Is m composite?
True
Let h = -136 - -66. Let p be (58 - -1)*(11 + h). Let n = -2058 - p. Is n a prime number?
True
Suppose -36899186 = -212*o + 35967122. Is o prime?
True
Suppose 0 = -4*u + 3*v + 444785, 89*u - 3*v + 555934 = 94*u. Is u a prime number?
True
Let g(k) = -6*k - 24. Let w be g(-6). Suppose 4*p + 0 = w. Is 1211 + (p/(-12) - 30/8) composite?
True
Suppose -3*t = -w + t + 1135, 0 = -t - 5. Let p = -15 - -19. Suppose -p*u + w = -225. Is u prime?
False
Let j(m) = m**3 + 36*m**2 + 68*m - 11. Let g be j(-34). Let x(a) = -13*a**3 + 5*a**2 - 11*a - 16. Is x(g) prime?
True
Let m(p) = -p**3 + 25*p**2 + 91*p - 194. Let h be m(28). Suppose r = 2*r + 10. Is (-6408)/r - ((-22)/10 + h) a prime number?
True
Let a = -78 - -91. Suppose a*f = 8*f + 10880. Suppose -14*u + 52478 = f. Is u a composite number?
False
Suppose -d = 5*l + 23, 0 = 3*l + 3*d - 4*d + 9. Is (-2*(-6)/18)/(l/(-14142)) a composite number?
False
Suppose 5*k = -5*n + 893660, -6*k + 178720 = -5*k + 5*n. Is k a composite number?
True
Let k = -58051 + 86468. Is k prime?
False
Suppose 5*u + 4*n = 1753077, -2*n = 4*u - 935721 - 466743. Is u composite?
False
Is (0 + 2)/((3168/4142832)/33) a composite number?
True
Suppose -2*d - 706 = 4*f, 9*d - 14*d - 1735 = 4*f. Let x = d - -3202. Is x composite?
True
Let c(i) = 470*i - 2. Let g be c(4). Suppose b - g = -4*b + 2*m, -3*b + 1124 = -4*m. Suppose b = 12*n - 1292. Is n composite?
False
Suppose 9 = -3*h + 5*w, 2*h - w = h - 1. Suppose -b + 5*g + 6120 = -2600, 4*g = h*b - 17422. Is b a prime number?
False
Let w(j) = 553*j - 1476. Is w(43) a prime number?
True
Let r be ((-196)/(-70))/((-1)/78180*-1). Is -2 + (1/3 - r/(-36)) a composite number?
False
Suppose 43*h = 7658936 + 7268769 + 15580236. Is h prime?
False
Let a = -38207 + 56778. Suppose 0 = -5*i - 20, 5*i - i = 3*n - a. Is n a prime number?
False
Let k = 4350 + 3587. Let b = k - 1126. Suppose -o - 4*a = -b, 6*a = o + 8*a - 6807. Is o a prime number?
True
Suppose -z + 5*n + 928 = 0, -2*n - 1832 = -z - z. Suppose 2*h - 10 = -0*h. Suppose -6*b + z = h*b. Is b composite?
False
Let d(f) = 8*f**2 + 22 + 12 + 73 - 6*f + 87 - 53. Is d(31) prime?
True
Suppose 116*p + 370*p - 54805734 = 0. Is p a prime number?
False
Let q be 35/(-15)*246/(-4)*-2. Let c = q + 954. Is c a prime number?
False
Let h(g) be the third derivative of g**6/360 - g**5/8 - 19*g**4/24 - 7*g**3/3 - 20*g**2. Let n(p) be the first derivative of h(p). Is n(-12) a composite number?
True
Suppose 46*w + 20*w = 8*w + 40333838. Is w a composite number?
False
Suppose 6*q - 4*q + 13*q = 4766505. Is q a composite number?
True
Let o(v) = v**3 + v**2 + 18*v + 431. Is o(19) composite?
False
Let b be (-2)/12*-3*10. Suppose -20 = -4*q, -657 + 6892 = b*p - 3*q. Suppose 0 = -5*d + p + 335. Is d a composite number?
False
Suppose 5434551 = 159*a - 388506. Is a composite?
True
Let n = 230 - 362. Let u = n - -301. Is u composite?
True
Let d(n) = 89*n - 9. Let w = -30 - -34. Let u be d(w). Suppose -i = -5*t - 74, -2*t - u = -3*i - 2*i. Is i a prime number?
False
Let g(d) = -10*d**2 - 31*d - 94. Let k(s) = -47 + 9*s - 13*s - 5*s**2 - 12*s. Let p(o) = -3*g(o) + 5*k(o). Is p(19) a composite number?
False
Let v = 343 + -381. Let z = 1323 - v. Is z composite?
False
Suppose g - 5*f = 292387, -4*g = 24*f - 32*f - 1169548. Is g composite?
True
Suppose 0 = -2*n + 4, 0*p - 9 = -p - 3*n. Suppose p*j - 4*m - 17943 = 0, 4*m = -4*j + 2447 + 21477. Is j a composite number?
False
Let k(w) = -w**2 - 38*w + 111. Let o be k(-33). Let j be (-3 - -5) + 78/(-2). Let h = j + o. Is h a composite number?
False
Let s(a) = -180*a**3 + a**2 - a + 1. Let l be s(-3). Let h(d) = -5*d**3 + 9*d**2 + 180*d - 124. Let f be h(-9). Let c =